3187 = 0, 5*b = 3*t - 6*t + 3982. Is b composite?
False
Let v(p) = -917*p + 31. Let l(a) = 1832*a - 61. Let r(u) = -3*l(u) - 5*v(u). Is r(-5) composite?
False
Let c be (-2 + 7 - 3) + 0. Let t(b) = 24*b + 11*b**c + b**3 + 32*b + 49 - 48*b. Is t(-10) prime?
False
Let f = 18568 + -31839. Let j = f - -18652. Is j a composite number?
False
Let p be (75046/(-4) + -2)*(-48)/9. Suppose 30777 = -5*f + p. Is f a prime number?
True
Suppose -40 = -3*o - 25. Is 40/(-8) - (-21003 + o) composite?
True
Let u = -188536 + 284795. Is u composite?
False
Is 32/6 - (-713995)/15 composite?
True
Suppose -5*v + 2*p = 22, 0 = -4*p + 1 - 17. Let r(f) = 34 + 12 - 27*f - 103 + 34. Is r(v) a composite number?
False
Suppose 11*w + 63 = -10*w. Let m(f) = -423*f**3 + 6*f**2 - 3*f + 1. Is m(w) a composite number?
True
Let o(a) = 24*a**2 - a + 5. Let f be o(-4). Let h = -203 + f. Let p = 3617 - h. Is p a prime number?
False
Let x(z) = -3*z**3 + 19*z**2 - 10*z. Let v(o) = -o**3 - o**2 - o + 2. Let w(h) = -2*v(h) + x(h). Is w(15) prime?
False
Let x = -51 + 57. Suppose x = -g + 11. Suppose 5*s = -g*i + 5975, 3*s - 2*s - 1195 = i. Is s a prime number?
False
Suppose 0 = 40*r - 23*r + 76*r - 2700534. Is r a prime number?
False
Let g be 16/(-24) + (-246820)/(-6). Suppose 4*x - 12*x = -g. Suppose 861 = 9*t - x. Is t composite?
True
Let x(b) = 1185*b**2 + 142*b - 93. Is x(36) a composite number?
True
Let z be (40/12)/((-4)/(-6)). Suppose -57*v = -53*v - 4060. Suppose x - 273 = -o - 63, v = z*x - 2*o. Is x a composite number?
True
Suppose 19776 = t - 20141. Suppose -t = 5*d - 213592. Is d a prime number?
False
Let y = -2163 - -2213. Let n be 0 + (-1)/1 + -34. Let d = n + y. Is d a prime number?
False
Let q = 607228 - 353495. Is q a prime number?
True
Let d(t) = 521*t**2 - 55*t + 59. Is d(-10) composite?
False
Suppose -2*z = 3*y - 34, 0*z + 3*z - 36 = 3*y. Let v be 28464/56 - 4/z. Let t = 1623 - v. Is t a prime number?
False
Suppose 0 = 4*z - 4*y + 2180, 4*y - 2713 = 5*z + 2*y. Let q = z - -2915. Is q a prime number?
False
Suppose 65768 = 4*r - 4*g - 156944, 0 = -5*r - 5*g + 278400. Is r composite?
True
Let c = 131737 + 110110. Is c prime?
True
Is -10 - (215853/2)/(8/(-16)) composite?
False
Let w = -9 - -12. Suppose 0*g = -w*g + 2946. Suppose g = d - 669. Is d prime?
False
Let r(h) = -265*h**3 - 5*h**2 - 10*h - 17. Is r(-6) prime?
False
Let w(n) = -49*n - 1 - 12*n - 30 + 9*n. Let i be w(4). Is (4/(-8))/(3/24) - i prime?
False
Suppose -4*g + 627 = -365. Suppose 4*z = -5*p + 787, -2*z + 2*p + g + 150 = 0. Let a = z + 989. Is a a prime number?
True
Is ((2870/123)/(-35))/(2/(-298713)) a prime number?
True
Suppose -413*l = -128684446 - 147047157. Is l composite?
False
Suppose w - 8*w - w + 1138232 = 0. Is w prime?
False
Suppose -4*u = -2*b + 16006, 2*b + 761*u = 762*u + 15991. Is b a prime number?
True
Let m(q) = 3*q**3 - 17*q**2 + 6*q + 20. Let j be m(8). Let u = 1783 - j. Is u a composite number?
True
Let t(n) be the second derivative of n**3/2 - 9*n**2 + 18*n. Let o be t(7). Suppose o*b + 0*a - 1581 = 2*a, -b + 532 = a. Is b a composite number?
True
Is (5006 - 0)*(32 - 855/30) a prime number?
False
Let u(m) = 38*m - 74. Let x be u(2). Suppose 0 = f + 3, -3*y + 4107 = -0*y - x*f. Is y a composite number?
False
Let s(o) = -2961*o**3 - o**2 - 3*o. Let u be s(-2). Suppose -6478 = 9*d + u. Let g = 139 - d. Is g prime?
True
Let z be (-8)/6*(-60)/(-40). Let m be (-14892)/20 - z/(-5). Let k = 1856 + m. Is k prime?
False
Let a(s) = 342*s**2 + 34*s - 209. Is a(-15) a composite number?
False
Suppose p - 626304 = 5*m, -86*p + 3*m = -82*p - 2505199. Is p composite?
True
Let v(n) = 63*n**2 + 2301*n - 95. Is v(-94) a composite number?
True
Let n = 702 - 657. Let g = 1042 + n. Is g prime?
True
Suppose -4*j - 3*z = -756041 + 270439, z = j - 121411. Is j a prime number?
False
Let m(i) = -3079*i + 23. Suppose 3*s = 4*w - 7, -4 + 9 = 5*w - 3*s. Is m(w) composite?
True
Let s(g) = -3 - 4 + 114*g + 134 + 93*g + 0. Is s(28) prime?
True
Let y = -54 + 56. Is (-6)/(-24)*11026*y a prime number?
False
Let x(v) = 12 - 118*v + 139*v + 288*v. Let o be x(5). Is (o - -1)/2 - 1 a prime number?
False
Let p = 408275 + -216156. Is p a prime number?
False
Let h = 297 - 313. Let n(d) = d**3 + 34*d**2 + 53*d + 1. Is n(h) a composite number?
False
Let o(c) = -1868*c - 273. Is o(-10) a prime number?
False
Let x = -1799687 + 2558794. Is x a composite number?
True
Is ((-2128)/(-608))/(3 + -3 - 1/(-143342)) a prime number?
False
Suppose -p + 9*p = 6*p + 21506. Is p a composite number?
False
Let k = 16045 - 8414. Is k a prime number?
False
Suppose -245*k - 20260 = -225*k. Let o be 8294/4 - (-2)/4. Let h = o + k. Is h prime?
True
Let b be ((0 - 1)/(-1))/((-2)/(-4)). Let n be -1*b*(-2)/(-4)*-21. Suppose -n*i - 5615 = -26*i. Is i a prime number?
True
Suppose d + 4*c + 23 = 0, -3*d + 0*d = -4*c - 11. Is -6711*((-1)/(d/(-6)))/6 a composite number?
False
Let d(r) = -389*r - 10. Suppose 14 = 14*c - 16*c. Let z be d(c). Suppose -703 = 6*n - z. Is n composite?
True
Suppose 4*k = -6*k - 8*k + 341046. Is k prime?
True
Let h = 323096 + -160623. Is h prime?
True
Let p(i) = 2*i. Let r be p(2). Is (4 - -164*26) + (r - 1) prime?
True
Suppose -5*o - 25 = 0, -3*a + o = 3*o + 10. Suppose -90*k + 91*k - 997 = a. Is k a composite number?
False
Suppose 3*q - y = -609, 0*y = -2*q + y - 407. Let r = 2833 + q. Is r composite?
True
Let y(z) = 2*z**3 - 20*z**3 + z + 12 - 2*z**2 + 6*z**3 - 4. Suppose -6*j - 9 = -3*j. Is y(j) prime?
True
Let h(n) = 749*n - 1124. Is h(11) a composite number?
True
Let a(l) = 4467*l**2 + 16*l + 32. Is a(7) a prime number?
False
Suppose 0 = -3*s + 49 - 40. Suppose s = -3*g + 3. Suppose -a + 3*b - 2*b + 128 = 0, g = 3*a - 4*b - 385. Is a prime?
True
Suppose 25 = -4*q - 5*v, q + 3*v = -3 + 2. Is (4 - -1)*(-16886)/q prime?
True
Let i be 3/(-9)*(-24203 - 13). Let f = i - 3435. Is f composite?
False
Let u = -10 - -15. Let s(v) = 60*v + 360. Let y be s(-6). Suppose -u*m - 5*j + 310 = y, -4*j = -0*m + m - 53. Is m a composite number?
True
Let g(y) = -y**3 + y**2 + 3*y. Let h be g(2). Let o be -2*(h/(-4) + -1). Suppose -4*j + 5*j - 29 = -a, o = a. Is j a prime number?
False
Let v = -956178 + 1460999. Is v prime?
True
Let b = -72536 + 118557. Is b prime?
True
Let q(m) = m + 13. Let k be q(-5). Suppose 0 = k*t - 0. Suppose 8*i - 2*i - 2130 = t. Is i prime?
False
Suppose -y + 49 = -2*i - 42, 2*y + 2*i = 182. Let r(t) = -15*t + 6 + 38 - y*t - 20*t. Is r(-15) composite?
True
Let l(v) be the second derivative of 125*v**4/6 - v**3/6 + v**2 + v + 191. Suppose -5*u + 3 = -2*u. Is l(u) a composite number?
False
Suppose -2*k - 2*f - 6 = -0*f, 2*f + 6 = k. Suppose k*p = 3*p + 1116. Is (p - 10)/(4/(-10)) prime?
False
Suppose 4*y - 128 = 2*o, 0 = 2*o + 3*o - 10. Suppose 4*r - y = -5*z, -3*r + 3*z = -5*r + 19. Suppose -2*b + 5*f + 3186 = 7*f, -b - r*f + 1595 = 0. Is b prime?
False
Let z = -31 - -19. Let k be (z - -59)/((-1)/(-13)). Suppose -q = -x - 498, q + 5*x = k - 83. Is q a prime number?
True
Let g be (-1 - -2)*(1 - -5). Let u(c) = 20*c**2 - 17*c + 5. Let w(r) = -61*r**2 + 53*r - 17. Let k(b) = 19*u(b) + 6*w(b). Is k(g) prime?
True
Let z = 12573 - 6214. Is z prime?
True
Is (-4)/96*-4 + (-42185)/(-6) prime?
False
Let k be 520/120 + ((-4)/3 - -1). Suppose -n + 3279 = k*g, 5*g = -83*n + 88*n - 16445. Is n composite?
True
Suppose 0*o = 4*o - 8. Suppose o*v = 4712 + 5676. Is ((-4)/14)/((-14)/v) a prime number?
False
Suppose 49*i - 8281495 = 439084. Is i a prime number?
False
Suppose -4*f = 3*x - 1596723, 0 = -2*x + 4*f + 878120 + 186362. Is x prime?
True
Let m(w) = 560*w + 5. Let k be m(4). Let j = -635 - -640. Suppose -j*n - 5*q + k = 0, -q - 601 = -2*n + 312. Is n composite?
True
Suppose 2*q - 50 = -12*r + 16*r, 0 = r - 5*q + 17. Suppose 2*a - 10 = 4*v, 2*v - 15 = 7*v - 5*a. Is (-5 - 1221)*(-3)/r*v a composite number?
False
Is ((-3)/6)/((24/(-8))/727014) a prime number?
True
Suppose 0 = -3*t - 5*o + 90568, -5*o - 90518 = 5*t - 8*t. Is t a prime number?
True
Let l(i) = 67*i**3 + 4*i**2 - 4*i + 1. Let m(z) = -2*z**3 + 5*z - 64*z**3 - 43*z**2 - 1 + 38*z**2. Let j(t) = 3*l(t) + 2*m(t). Is j(2) composite?
False
Let r be ((-18668)/16)/(((-21)/12)/7). Suppose -2080 + 5196 = 2*f - z, -5*z = -3*f + r. Is f prime?
True
Suppose w - 54251 = -4*l, -11*w = -16*w - 